10 + (-33)/w a composite number?
False
Let a be (4/10)/(4/360*6). Suppose 11*t - a*t = -15, -5*s + 2247 = -4*t. Is s composite?
True
Suppose -14 = -2*k - 0. Let a(i) = 3 + i**2 - 3 - k + 2 - 5*i. Is a(-7) composite?
False
Let n = -1046 + 1587. Is n a composite number?
False
Let p(y) = -10 - 26*y + 3 - 4. Let t = -88 - -83. Is p(t) a prime number?
False
Let u = -56 + 32. Is 3*(-1676)/u*2 composite?
False
Let w(v) = 8*v**3 - 11*v**2 + 30*v + 8. Is w(9) prime?
False
Let a be (4/(-8))/(2/(-80)). Let v be ((-180)/(-75))/(6/20). Is (a/v)/((-2)/(-44)) prime?
False
Suppose -2*z = -17134 - 3132. Is z a prime number?
True
Let f(w) = 14*w**2 + 36*w - 41. Is f(25) a composite number?
True
Let h(f) = -f**3 - 6*f**2 + 3*f - 16. Let o be h(-7). Suppose o*t = 11*t. Suppose 5*g - 695 = -t*p + 5*p, 4*g = -3*p + 521. Is g prime?
False
Is -3 + (-512030)/(-80) + 6/(-16) prime?
True
Let m = 22887 - 11446. Is m a prime number?
False
Is (-3)/(6/8) + -6 + 1157 composite?
True
Let x(i) = -227*i - 15. Suppose -5*u - 41 = -w - 2*w, -w - 5 = u. Let b be x(u). Is (b/(-4))/1*-2 a composite number?
False
Suppose -4*u + 3654 = -1838. Let p = u + 975. Suppose -h = 3*h - p. Is h a composite number?
False
Let l = -5 - -6. Let o(p) = 81*p**2 + 2*p - 1. Is o(l) composite?
True
Suppose -a - 9 = -4*a. Suppose -2*r = -a - 3. Suppose 3*g - 439 = -4*x, 0 = 4*g - r*x - x - 548. Is g composite?
True
Suppose -3*l = -5*x - 15, 6 - 26 = -4*l + 5*x. Let a be 1*-3 - 1045/(-11). Suppose -l*s + a = 3*b, -92 + 19 = -4*s - 3*b. Is s a prime number?
True
Suppose -27*g + 3*l = -22*g - 17467, 0 = 4*g + l - 13960. Is g a composite number?
False
Is 2 - (-21697 - (-15)/3) a composite number?
True
Let b(o) = o**3 + 4*o**2 + o - 1. Let n be b(-2). Let l(m) = -7*m - n*m - 2*m**2 + 15*m + m**3 - 1. Is l(6) composite?
True
Suppose -3*t - 4*t = 2*t. Suppose t = 14*u - 20*u + 2814. Is u composite?
True
Suppose -3*h + 3*n - 11314 = -4*h, 22617 = 2*h - 5*n. Is h composite?
False
Let o be (2/4)/((-15)/(-90)). Is 7912/6 - (-1)/o composite?
False
Let x(a) = 2*a**3 - 19*a**2 + 10*a - 7. Let z be x(9). Suppose 0 = -l - z*m - 11, -m = 4*l - 6*l - 22. Is (-3379)/l + (-4)/22 a prime number?
True
Let y = -3067 - -9856. Suppose -6*k = -y + 951. Is k prime?
False
Let p be (162*-1)/((-2)/60). Suppose 2*g - 4880 = -5*d, 5*g + p = 5*d + 3*g. Is d a prime number?
False
Let m be 230/4*8/(-2). Let a = -54 - -489. Let u = a + m. Is u composite?
True
Let d(t) = -t**3 - 2*t**2 + 3*t + 1. Let q(h) = h**3 + 8*h**2 + 6*h - 13. Let i be q(-7). Is d(i) prime?
True
Let t = -74 - -243. Suppose -84 = -w + t. Is w a prime number?
False
Let o(j) = 22*j + 10. Let h be o(-13). Let v = -134 - h. Is v a composite number?
True
Let w(h) = 489*h - 364. Is w(17) prime?
True
Is -2 - (5 + -14)*7805/5 prime?
False
Is ((-3188)/10)/((-90)/675) a prime number?
False
Suppose -9 = -4*b + 3. Let j(u) = 0 - 7 + 0 + 5*u**2 + 4*u - b. Is j(7) prime?
True
Suppose 5*j + 5*y = 0, -2*y = 2*j - 6*j. Is 43*(j + 5) - (-4 + 4) a prime number?
False
Let n(g) = -19*g + 4*g + 2 + 0*g. Suppose -7*s = -4*s + 9. Is n(s) composite?
False
Suppose 15 = 4*d + h, 2*d - 3*h = -2*h + 9. Is 4898/d + 30/12 a composite number?
True
Let y(u) = u**3 + 2*u**2 - 5*u - 2. Let w be y(-3). Suppose 3*l - 833 = -w*l. Is l composite?
True
Suppose -19701 = -26*w + 44545. Is w a prime number?
False
Suppose 0 = -2*w - 8, 5*w - 4 = -4*u - 16. Suppose 2*r - 3947 = -3*l - 218, -u*l + 5*r + 2467 = 0. Is l composite?
True
Let i = 7477 + -4830. Is i composite?
False
Suppose -7*h - 158 = -9*h. Suppose -h*j = -83*j + 2020. Is j composite?
True
Let l = -21 + 33. Suppose -3*t + 0*t + l = 0. Suppose -97 = t*f - 329. Is f a composite number?
True
Let n(j) = j + 12. Let i be n(-9). Let z(s) = 3*s**3 - 4*s**2 + 4*s - 4. Let w be z(i). Let k = w - 16. Is k a prime number?
True
Suppose 114 = -4*l + 334. Is l composite?
True
Suppose -3*l + 12067 = -410. Is l composite?
False
Let v be ((-2)/8)/(16/(-64)). Let t(p) = 382*p**2 - p. Is t(v) a composite number?
True
Let w(x) = 49*x**3 + 5*x**2 - 18*x - 7. Is w(4) prime?
True
Let d(n) be the first derivative of 9*n**5/20 - n**4/12 + n**3/6 + 6*n**2 - 2*n - 13. Let s(m) be the first derivative of d(m). Is s(5) prime?
True
Let w be (-2)/(-13) + (-186)/26. Let z = w + 6. Is (-2 - 0 - z)*-53 a composite number?
False
Suppose 0 = -y + 4*r - 2, y - 3*r - 4 = 3*y. Suppose -4*k - 3*v = 1058, 2*k - 4*v = 159 - 699. Is (k + -1)*(1 + y) prime?
False
Is 23 - 15 - (-19099 + 2) prime?
False
Let m(p) = p**2 - 21*p - 6. Let h be m(21). Is (h + 12)*(-2)/(8/(-314)) a prime number?
False
Let u(k) = 50*k - 13. Let w(h) = -6*h**2 + 2*h + 1. Let a be w(-1). Let p = a - -14. Is u(p) a composite number?
False
Let u = 7 + -4. Suppose -5*d + 4*n + 30 = 0, -2*d - 9 = 2*n - u. Is (0 - d) + 58 - 3 prime?
True
Let m = 4550 + -2167. Let a = m + -1229. Is a a composite number?
True
Suppose -7*w = -3503 + 12253. Is w/(-14) + 6/(-21) composite?
False
Let u = 7409 - 4246. Is u a prime number?
True
Let p(l) = -2832*l + 7. Let r be p(-4). Suppose -15*x + r = -32690. Is x composite?
True
Let j = -2882 + 5244. Is j a composite number?
True
Let s(k) be the second derivative of k**3/3 + 403*k**2/2 + k - 4. Is s(0) prime?
False
Let d(m) be the first derivative of -10*m**3 - 2*m**2 - 9*m + 6. Let n(r) = 91*r**2 + 11*r + 26. Let p(w) = 17*d(w) + 6*n(w). Is p(-4) composite?
False
Let b = 17 + -1. Let v be -1*(-579 - 0 - -2). Suppose 3*g = v - b. Is g a prime number?
False
Let f = -11934 + 19925. Is f prime?
False
Is ((-785090)/6)/(5/(-3)) composite?
False
Suppose 0 + 2 = x - 2*k, k = x - 3. Suppose -x*f = -3*f - 456. Suppose -2*u - 2*a + 470 = 0, 10*a - 5*a = 2*u - f. Is u composite?
False
Let w(d) = d**2 + 9*d - 15. Let m = -79 + 66. Is w(m) a prime number?
True
Let j be (-22)/143 + ((-18904)/(-13) - 0). Let c = -769 + j. Is c a prime number?
False
Is -1*(9 - 10)*16979 a prime number?
True
Suppose 17 - 23 = -3*o. Is (-20239)/(-74)*(-1)/((-1)/o) a prime number?
True
Let t = 19243 + -5832. Is t a composite number?
False
Suppose 0 = -3*m + 3130 + 1781. Is m composite?
False
Suppose -45*d - 21927 = -319152. Is d a prime number?
False
Let p(h) = -499*h - 213. Is p(-52) composite?
True
Suppose 4*n - 10*n = -19566. Is n a composite number?
True
Let m be (-534)/21 + 8/(-14). Let f = -26 - m. Is f + 7*(2 + 51) a prime number?
False
Let r(n) = -236*n - 104. Let c(y) = 79*y + 35. Let j(g) = 17*c(g) + 6*r(g). Let a(h) = -h + 1. Let p(b) = 4*a(b) + j(b). Is p(-10) a prime number?
False
Suppose 2*p - 4*p + 53662 = 0. Is p prime?
False
Let x(z) = z**2 - 14*z + 12. Let v be x(14). Suppose 3*a - 6 = v. Is -2*((-63)/a + 1) a prime number?
True
Let z(n) = 2570*n - 511. Is z(6) prime?
False
Is (-7460)/(-50)*705*2/12 prime?
False
Let n be (4/(-10))/((-4)/22180). Let d = n + -407. Is d prime?
True
Suppose 2*n - a = 758, -n = 6*a - 9*a - 379. Is n a composite number?
False
Suppose -2*i + 2 = 5*b, 1 = 3*b + 2*i - 1. Let r(d) = d**3 - d**2. Let u be r(b). Suppose 5*a - 53 - 17 = u. Is a composite?
True
Let y(s) = 12*s**2 + 31*s - 4. Is y(-49) a composite number?
True
Let t(v) = 5*v - 5. Let m(a) = -6*a + 11. Let k(z) = -19*z + 33. Let n(s) = -4*k(s) + 11*m(s). Let i(j) = 4*n(j) - 9*t(j). Is i(-18) prime?
False
Let y(r) = -3*r**3 - 9*r**2 + 15*r + 67. Is y(-8) a prime number?
True
Suppose 4*x = 45 + 103. Suppose -h = -2*v + 11, -5*h + 0*h = -4*v + x. Suppose 3*o - v*s = -6*s + 90, -154 = -5*o - 4*s. Is o a composite number?
True
Let z = 529 - 480. Is z prime?
False
Suppose -o = -3*d + 14, 0 = 4*d - d + 4*o - 34. Suppose 0 = d*f - 127 - 509. Is f composite?
True
Let h = 10470 - -2689. Is h prime?
True
Suppose 4*h = 12, m - h + 2 + 2 = 0. Is (-13)/(13/(-3936)) + m a prime number?
False
Suppose 3*i - 4*r - 9 - 103 = 0, 111 = 3*i - 3*r. Suppose h - 12 = -f - 0*h, -h = -3*f + i. Suppose f = -4*k + 200. Is k prime?
True
Is (-2579)/(-2)*15/(45/6) a composite number?
False
Let t(g) be the third derivative of g**6/60 - g**5/6 - 19*g**4/24 + 3*g**3/2 + 12*g**2. Let i(m) be the first derivative of t(m). Is i(-14) a prime number?
False
Let b be -1*1*(-13 + 11). Suppose -2*n + 58 = -122. Suppose b*f = 2*g - 5*g + 95, 2*f + 4*g = n. Is f a prime number?
False
Let l(v) = -533*v + 254. Is l(-7) a composite number?
True
Let a = 100 + -98. Let b(w) =